0 (base 2) to base 5
-13103
What is -467 (base 13) in base 9?
-1035
Convert -100001 (base 2) to base 9.
-36
Convert -250215 (base 7) to base 10.
-45729
What is 124 (base 13) in base 2?
11000111
Convert -58 (base 10) to base 13.
-46
Convert 3583a (base 11) to base 10.
51589
What is 4693 (base 11) in base 14?
2356
What is 3b3a (base 14) in base 13?
49a1
30414 (base 7) to base 16
1cf2
-10101001110 (base 2) to base 15
-608
100111221 (base 3) to base 2
1101100011001
What is -168a3 (base 11) in base 10?
-23708
What is 789 (base 15) in base 5?
23304
Convert 100111001011 (base 2) to base 10.
2507
Convert -100000100 (base 2) to base 14.
-148
What is 20200002 (base 3) in base 8?
11376
What is 436 (base 14) in base 13?
4c0
What is -269c (base 16) in base 6?
-113432
12131100 (base 4) to base 9
40246
18175 (base 10) to base 16
46ff
What is -448 (base 13) in base 3?
-1000021
Convert -29c6 (base 13) to base 2.
-1011110111101
What is 166 (base 8) in base 6?
314
What is 53 (base 16) in base 11?
76
Convert -23112 (base 4) to base 2.
-1011010110
Convert -4b05 (base 15) to base 12.
-92b8
What is 1120 (base 5) in base 12?
114
What is 1926 (base 10) in base 12?
1146
94c (base 15) to base 4
200301
-9807 (base 13) to base 16
-528c
Convert -a13f (base 16) to base 7.
-231230
1010001010100 (base 2) to base 13
24a4
Convert 19951 (base 10) to base 12.
b667
What is -2011121121 (base 3) in base 4?
-22123222
What is 62c (base 13) in base 14?
552
Convert 1105 (base 16) to base 14.
1833
Convert 102221021 (base 3) to base 15.
28a1
Convert 2021110110 (base 3) to base 14.
12485
-2233310 (base 4) to base 2
-10101111110100
What is 220122101 (base 3) in base 4?
10120231
Convert 365 (base 14) to base 7.
1655
Convert -10367 (base 8) to base 10.
-4343
-1000101 (base 2) to base 15
-49
What is a9 (base 15) in base 7?
315
1135 (base 11) to base 8
2722
Convert 295 (base 14) to base 10.
523
What is 35900 (base 10) in base 2?
1000110000111100
What is 1024200 (base 6) in base 13?
19ac4
Convert -1143313 (base 5) to base 16.
-54cc
What is -67f (base 16) in base 9?
-2247
Convert 28b (base 13) to base 2.
111000101
What is -13100032 (base 4) in base 2?
-111010000001110
What is -1100001111010 (base 2) in base 6?
-45002
11002 (base 8) to base 16
1202
Convert -2122110 (base 3) to base 9.
-2573
Convert 27e (base 15) to base 4.
20321
Convert 36632 (base 7) to base 8.
22552
Convert -25054 (base 8) to base 10.
-10796
Convert 101001101111 (base 2) to base 3.
10122221
Convert 1222 (base 7) to base 8.
711
What is -213 (base 8) in base 16?
-8b
What is -6999 (base 12) in base 8?
-27005
491 (base 11) to base 6
2412
What is a8a (base 12) in base 13?
91c
Convert -251 (base 13) to base 4.
-12110
Convert 7ab (base 13) to base 3.
1211001
What is 32000033 (base 4) in base 6?
1121315
Convert 10221 (base 4) to base 13.
19b
Convert 10c5 (base 13) to base 3.
10020100
5303 (base 11) to base 10
7021
-18227 (base 10) to base 3
-221000002
11131 (base 6) to base 14
7dd
Convert 367 (base 13) to base 11.
499
-3223 (base 7) to base 10
-1144
28442 (base 10) to base 5
1402232
1c4 (base 16) to base 12
318
4d9 (base 14) to base 12
693
86ac (base 15) to base 5
1403022
What is -100010110100000 (base 2) in base 11?
-12434
Convert -20696 (base 10) to base 9.
-31345
Convert 4021 (base 5) to base 6.
2211
Convert -32332 (base 5) to base 16.
-8a9
Convert 200303 (base 4) to base 9.
2782
Convert 3908 (base 12) to base 6.
50012
Convert 56130 (base 7) to base 12.
8219
Convert -420 (base 8) to base 2.
-100010000
2014 (base 9) to base 3
2000111
What is 210311 (base 4) in base 5?
33412
-4444113 (base 5) to base 10
-78033
-6326 (base 14) to base 3
-212102211
What is -363 (base 16) in base 10?
-867
Convert -111000010100 (base 2) to base 15.
-1104
620 (base 9) to base 7
1320
Convert -b5c (base 13) to base 12.
-1154
What is 1b4 (base 12) in base 15?
13a
5a0 (base 11) to base 10
715
-358 (base 10) to base 8
-546
What is 1a93c (base 13) in base 10?
52103
What is 614 (base 9) in base 5?
3444
Convert -163 (base 12) to base 15.
-e9
Convert 101220 (base 3) to base 12.
206
What is -134a (base 12) in base 6?
-14134
342 (base 9) to base 12
1b5
What is 1a81 (base 13) in base 2?
111110011000
Convert 111211 (base 3) to base 13.
229
-153 (base 6) to base 5
-234
703 (base 16) to base 5
24140
-3289 (base 14) to base 15
-28d0
-1405 (base 9) to base 14
-558
-2738 (base 13) to base 15
-19ee
Convert -390 (base 10) to base 11.
-325
-10965 (base 10) to base 7
-43653
What is -10000000101111 (base 2) in base 15?
-2694
Convert -21013022 (base 4) to base 2.
-1001000111001010
Convert -1209 (base 14) to base 8.
-6111
What is -13 (base 4) in base 12?
-7
2020232 (base 4) to base 10
8750
233112 (base 4) to base 8
5726
10224 (base 5) to base 7
2003
-4426 (base 7) to base 4
-120310
Convert 526 (base 7) to base 15.
12a
What is 287 (base 9) in base 3?
22221
-30043 (base 5) to base 6
-12442
Convert -120100012 (base 3) to base 10.
-11183
What is 911 (base 11) in base 6?
5033
Convert 16403 (base 8) to base 12.
436b
2101 (base 4) to base 3
12101
What is 27122 (base 8) in base 16?
2e52
Convert -62624 (base 8) to base 12.
-13070
What is -713 (base 11) in base 13?
-513
9e1 (base 15) to base 12
1364
What is 330c (base 16) in base 12?
7690
Convert -723 (base 12) to base 8.
-2013
66c (base 15) to base 8
2654
What is -110646 (base 7) in base 5?
-1111121
224611 (base 7) to base 6
505334
Convert 3367 (base 9) to base 10.
2491
301002 (base 4) to base 14
1202
752 (base 9) to base 15
2ae
Convert -a42 (base 14) to base 13.
-bc3
15c (base 13) to base 2
11110110
Convert -3322 (base 7) to base 9.
-1564
What is 1211112011 (base 3) in base 12?
18a87
311143 (base 5) to base 10
10173
112110 (base 3) to base 4
12012
What is -8ba (base 12) in base 6?
-5554
-30216 (base 8) to base 4
-3002032
-3011 (base 7) to base 4
-100031
Convert -21864 (base 9) to base 10.
-14557
Convert -65aa (base 11) to base 2.
-10001000000111
Convert -31520 (base 7) to base 6.
-100045
What is 4302 (base 5) in base 15?
287
Convert 9701 (base 14) to base 15.
7ace
What is -6 (base 9) in base 6?
-10
What is 20010 (base 4) in base 16?
204
12012 (base 4) to base 15
1b0
Convert -66340 (base 8) to base 2.
-110110011100000
-d91 (base 14) to base 2
-101001110011
868 (base 11) to base 15
497
-9124 (base 14) to base 12
-12510
What is -2013 (base 7) in base 10?
-696
What is 14008 (base 9) in base 8?
22415
Convert -42330 (base 5) to base 6.
-21052
What is 16383 (base 9) in base 10?
11253
7384 (base 9) to base 3
21102211
Convert -2121 (base 4) to base 16.
-99
Convert 113 (base 7) to base 5.
214
-14243 (base 6) to base 4
-203103
What is -a5 (base 15) in base 6?
-415
Convert -150403 (base 6) to base 9.
-21673
What is 16882 (base 13) in base 5?
2340301
Convert -24333 (base 5) to base 16.
-733
Convert 14520 (base 7) to base 15.
12dc
What is -3350 (base 7) in base 6?
-5335
-20320 (base 4) to base 10
-568
What is 40331 (base 6) in base 2?
1010010111111
-23032 (base 4) to base 3
-222121
What is 45503 (base 6) in base 2?
1100100101111
What is 1621 (base 8) in base 12?
641
Convert 5d7 (base 15) to base 8.
2457
-143 (base 6) to base 14
-47
13838 (base 10) to base 6
144022
What is -2212020 (base 3) in base 8?
-4045
-406 (base 7) to base 3
-21111
What is 5276 (base 13) in base 16?
2c9c
Convert 84a0 (base 11) to base 9.
16371
10302033 (base 4) to base 16
4c8f
Convert 1030 (base 11) to base 16.
554
Convert 21212200 (base 3) to base 16.
166e
What is -442 (base 7) in base 15?
-101
What is 142412 (base 6) in base 14?
4d16
Convert 707 (base 10) to base 15.
322
What is -a20 (base 16) in base 2?
-101000100000
What is -34441 (base 5) in base 8?
-4700
-12303 (base 4) to base 9
-533
-10010111110000 (base 2) to base 15
-2d27
Convert 8825 (base 11) to base 10.
11643
7241 (base 9) to base 13
254b
What is 10111112 (base 3) in base 5?
40202
Convert -2015 (base 7) to base 12.
-4a2
Convert 51 (base 7) to base 3.
1100
28998 (base 10) to base 9
43700
Convert -2120221 (base 3) to base 5.
-30023
What is -1c (base 15) in base 11?
-25
Convert 17302 (base 8) to base 11.
5a09
Convert 1423 (base 9) to base 12.
756
Convert 140122 (base 7) to base 3.
1100022121
Convert -1020002 (base 3) to base 7.
-2414
What is 328b (base 14) in base 6?
104255
-41332 (base 5) to base 15
-c12
Convert -11